{"id":13743,"date":"2025-06-21T13:51:41","date_gmt":"2025-06-21T11:51:41","guid":{"rendered":"https:\/\/www.muamart.pl\/?page_id=13743"},"modified":"2025-06-21T13:51:41","modified_gmt":"2025-06-21T11:51:41","slug":"nytt-land","status":"publish","type":"page","link":"https:\/\/www.muamart.pl\/index.php\/nytt-land\/","title":{"rendered":"Nytt Land"},"content":{"rendered":"\n<p>Summer Dying Loud 2022, Aleksandr\u00f3w \u0141\u00f3dzki<\/p>\n\n\n\n<figure class=\"wp-block-gallery has-nested-images columns-default is-cropped wp-block-gallery-1 is-layout-flex wp-block-gallery-is-layout-flex\">\n<figure data-wp-context=\"{&quot;imageId&quot;:&quot;6a09cbbc79ec6&quot;}\" data-wp-interactive=\"core\/image\" data-wp-key=\"6a09cbbc79ec6\" class=\"wp-block-image size-large wp-lightbox-container\"><img loading=\"lazy\" decoding=\"async\" width=\"2560\" height=\"1741\" data-wp-class--hide=\"state.isContentHidden\" data-wp-class--show=\"state.isContentVisible\" data-wp-init=\"callbacks.setButtonStyles\" data-wp-on--click=\"actions.showLightbox\" data-wp-on--load=\"callbacks.setButtonStyles\" data-wp-on-window--resize=\"callbacks.setButtonStyles\" data-id=\"13749\" src=\"https:\/\/www.muamart.pl\/wp-content\/uploads\/2025\/06\/B13A5969-scaled.jpg\" alt=\"\" class=\"wp-image-13749\" srcset=\"https:\/\/www.muamart.pl\/wp-content\/uploads\/2025\/06\/B13A5969-scaled.jpg 2560w, https:\/\/www.muamart.pl\/wp-content\/uploads\/2025\/06\/B13A5969-1500x1020.jpg 1500w, https:\/\/www.muamart.pl\/wp-content\/uploads\/2025\/06\/B13A5969-768x522.jpg 768w, https:\/\/www.muamart.pl\/wp-content\/uploads\/2025\/06\/B13A5969-1536x1044.jpg 1536w, https:\/\/www.muamart.pl\/wp-content\/uploads\/2025\/06\/B13A5969-2048x1393.jpg 2048w\" sizes=\"auto, (max-width: 2560px) 100vw, 2560px\" \/><button\n\t\t\tclass=\"lightbox-trigger\"\n\t\t\ttype=\"button\"\n\t\t\taria-haspopup=\"dialog\"\n\t\t\taria-label=\"Powi\u0119ksz\"\n\t\t\tdata-wp-init=\"callbacks.initTriggerButton\"\n\t\t\tdata-wp-on--click=\"actions.showLightbox\"\n\t\t\tdata-wp-style--right=\"state.imageButtonRight\"\n\t\t\tdata-wp-style--top=\"state.imageButtonTop\"\n\t\t>\n\t\t\t<svg xmlns=\"http:\/\/www.w3.org\/2000\/svg\" width=\"12\" height=\"12\" fill=\"none\" viewBox=\"0 0 12 12\">\n\t\t\t\t<path fill=\"#fff\" d=\"M2 0a2 2 0 0 0-2 2v2h1.5V2a.5.5 0 0 1 .5-.5h2V0H2Zm2 10.5H2a.5.5 0 0 1-.5-.5V8H0v2a2 2 0 0 0 2 2h2v-1.5ZM8 12v-1.5h2a.5.5 0 0 0 .5-.5V8H12v2a2 2 0 0 1-2 2H8Zm2-12a2 2 0 0 1 2 2v2h-1.5V2a.5.5 0 0 0-.5-.5H8V0h2Z\" \/>\n\t\t\t<\/svg>\n\t\t<\/button><\/figure>\n<\/figure>\n\n\n\n<figure class=\"wp-block-gallery has-nested-images columns-default is-cropped wp-block-gallery-2 is-layout-flex wp-block-gallery-is-layout-flex\">\n<figure data-wp-context=\"{&quot;imageId&quot;:&quot;6a09cbbc7a43a&quot;}\" data-wp-interactive=\"core\/image\" data-wp-key=\"6a09cbbc7a43a\" class=\"wp-block-image size-large wp-lightbox-container\"><img loading=\"lazy\" decoding=\"async\" width=\"1844\" height=\"2560\" data-wp-class--hide=\"state.isContentHidden\" data-wp-class--show=\"state.isContentVisible\" data-wp-init=\"callbacks.setButtonStyles\" data-wp-on--click=\"actions.showLightbox\" data-wp-on--load=\"callbacks.setButtonStyles\" data-wp-on-window--resize=\"callbacks.setButtonStyles\" data-id=\"13745\" src=\"https:\/\/www.muamart.pl\/wp-content\/uploads\/2025\/06\/B13A5913-scaled.jpg\" alt=\"\" class=\"wp-image-13745\" srcset=\"https:\/\/www.muamart.pl\/wp-content\/uploads\/2025\/06\/B13A5913-scaled.jpg 1844w, https:\/\/www.muamart.pl\/wp-content\/uploads\/2025\/06\/B13A5913-1080x1500.jpg 1080w, https:\/\/www.muamart.pl\/wp-content\/uploads\/2025\/06\/B13A5913-768x1066.jpg 768w, https:\/\/www.muamart.pl\/wp-content\/uploads\/2025\/06\/B13A5913-1106x1536.jpg 1106w, https:\/\/www.muamart.pl\/wp-content\/uploads\/2025\/06\/B13A5913-1475x2048.jpg 1475w\" sizes=\"auto, (max-width: 1844px) 100vw, 1844px\" \/><button\n\t\t\tclass=\"lightbox-trigger\"\n\t\t\ttype=\"button\"\n\t\t\taria-haspopup=\"dialog\"\n\t\t\taria-label=\"Powi\u0119ksz\"\n\t\t\tdata-wp-init=\"callbacks.initTriggerButton\"\n\t\t\tdata-wp-on--click=\"actions.showLightbox\"\n\t\t\tdata-wp-style--right=\"state.imageButtonRight\"\n\t\t\tdata-wp-style--top=\"state.imageButtonTop\"\n\t\t>\n\t\t\t<svg xmlns=\"http:\/\/www.w3.org\/2000\/svg\" width=\"12\" height=\"12\" fill=\"none\" viewBox=\"0 0 12 12\">\n\t\t\t\t<path fill=\"#fff\" d=\"M2 0a2 2 0 0 0-2 2v2h1.5V2a.5.5 0 0 1 .5-.5h2V0H2Zm2 10.5H2a.5.5 0 0 1-.5-.5V8H0v2a2 2 0 0 0 2 2h2v-1.5ZM8 12v-1.5h2a.5.5 0 0 0 .5-.5V8H12v2a2 2 0 0 1-2 2H8Zm2-12a2 2 0 0 1 2 2v2h-1.5V2a.5.5 0 0 0-.5-.5H8V0h2Z\" \/>\n\t\t\t<\/svg>\n\t\t<\/button><\/figure>\n\n\n\n<figure data-wp-context=\"{&quot;imageId&quot;:&quot;6a09cbbc7a564&quot;}\" data-wp-interactive=\"core\/image\" data-wp-key=\"6a09cbbc7a564\" class=\"wp-block-image size-large wp-lightbox-container\"><img loading=\"lazy\" decoding=\"async\" width=\"1830\" height=\"2560\" data-wp-class--hide=\"state.isContentHidden\" data-wp-class--show=\"state.isContentVisible\" data-wp-init=\"callbacks.setButtonStyles\" data-wp-on--click=\"actions.showLightbox\" data-wp-on--load=\"callbacks.setButtonStyles\" data-wp-on-window--resize=\"callbacks.setButtonStyles\" data-id=\"13744\" src=\"https:\/\/www.muamart.pl\/wp-content\/uploads\/2025\/06\/B13A5968-scaled.jpg\" alt=\"\" class=\"wp-image-13744\" srcset=\"https:\/\/www.muamart.pl\/wp-content\/uploads\/2025\/06\/B13A5968-scaled.jpg 1830w, https:\/\/www.muamart.pl\/wp-content\/uploads\/2025\/06\/B13A5968-1072x1500.jpg 1072w, https:\/\/www.muamart.pl\/wp-content\/uploads\/2025\/06\/B13A5968-768x1074.jpg 768w, https:\/\/www.muamart.pl\/wp-content\/uploads\/2025\/06\/B13A5968-1098x1536.jpg 1098w, https:\/\/www.muamart.pl\/wp-content\/uploads\/2025\/06\/B13A5968-1464x2048.jpg 1464w\" sizes=\"auto, (max-width: 1830px) 100vw, 1830px\" \/><button\n\t\t\tclass=\"lightbox-trigger\"\n\t\t\ttype=\"button\"\n\t\t\taria-haspopup=\"dialog\"\n\t\t\taria-label=\"Powi\u0119ksz\"\n\t\t\tdata-wp-init=\"callbacks.initTriggerButton\"\n\t\t\tdata-wp-on--click=\"actions.showLightbox\"\n\t\t\tdata-wp-style--right=\"state.imageButtonRight\"\n\t\t\tdata-wp-style--top=\"state.imageButtonTop\"\n\t\t>\n\t\t\t<svg xmlns=\"http:\/\/www.w3.org\/2000\/svg\" width=\"12\" height=\"12\" fill=\"none\" viewBox=\"0 0 12 12\">\n\t\t\t\t<path fill=\"#fff\" d=\"M2 0a2 2 0 0 0-2 2v2h1.5V2a.5.5 0 0 1 .5-.5h2V0H2Zm2 10.5H2a.5.5 0 0 1-.5-.5V8H0v2a2 2 0 0 0 2 2h2v-1.5ZM8 12v-1.5h2a.5.5 0 0 0 .5-.5V8H12v2a2 2 0 0 1-2 2H8Zm2-12a2 2 0 0 1 2 2v2h-1.5V2a.5.5 0 0 0-.5-.5H8V0h2Z\" \/>\n\t\t\t<\/svg>\n\t\t<\/button><\/figure>\n\n\n\n<figure data-wp-context=\"{&quot;imageId&quot;:&quot;6a09cbbc7a67a&quot;}\" data-wp-interactive=\"core\/image\" data-wp-key=\"6a09cbbc7a67a\" class=\"wp-block-image size-large wp-lightbox-container\"><img loading=\"lazy\" decoding=\"async\" width=\"1733\" height=\"2560\" data-wp-class--hide=\"state.isContentHidden\" data-wp-class--show=\"state.isContentVisible\" data-wp-init=\"callbacks.setButtonStyles\" data-wp-on--click=\"actions.showLightbox\" data-wp-on--load=\"callbacks.setButtonStyles\" data-wp-on-window--resize=\"callbacks.setButtonStyles\" data-id=\"13746\" src=\"https:\/\/www.muamart.pl\/wp-content\/uploads\/2025\/06\/B13A5897-scaled.jpg\" alt=\"\" class=\"wp-image-13746\" srcset=\"https:\/\/www.muamart.pl\/wp-content\/uploads\/2025\/06\/B13A5897-scaled.jpg 1733w, https:\/\/www.muamart.pl\/wp-content\/uploads\/2025\/06\/B13A5897-1015x1500.jpg 1015w, https:\/\/www.muamart.pl\/wp-content\/uploads\/2025\/06\/B13A5897-768x1135.jpg 768w, https:\/\/www.muamart.pl\/wp-content\/uploads\/2025\/06\/B13A5897-1040x1536.jpg 1040w, https:\/\/www.muamart.pl\/wp-content\/uploads\/2025\/06\/B13A5897-1386x2048.jpg 1386w\" sizes=\"auto, (max-width: 1733px) 100vw, 1733px\" \/><button\n\t\t\tclass=\"lightbox-trigger\"\n\t\t\ttype=\"button\"\n\t\t\taria-haspopup=\"dialog\"\n\t\t\taria-label=\"Powi\u0119ksz\"\n\t\t\tdata-wp-init=\"callbacks.initTriggerButton\"\n\t\t\tdata-wp-on--click=\"actions.showLightbox\"\n\t\t\tdata-wp-style--right=\"state.imageButtonRight\"\n\t\t\tdata-wp-style--top=\"state.imageButtonTop\"\n\t\t>\n\t\t\t<svg xmlns=\"http:\/\/www.w3.org\/2000\/svg\" width=\"12\" height=\"12\" fill=\"none\" viewBox=\"0 0 12 12\">\n\t\t\t\t<path fill=\"#fff\" d=\"M2 0a2 2 0 0 0-2 2v2h1.5V2a.5.5 0 0 1 .5-.5h2V0H2Zm2 10.5H2a.5.5 0 0 1-.5-.5V8H0v2a2 2 0 0 0 2 2h2v-1.5ZM8 12v-1.5h2a.5.5 0 0 0 .5-.5V8H12v2a2 2 0 0 1-2 2H8Zm2-12a2 2 0 0 1 2 2v2h-1.5V2a.5.5 0 0 0-.5-.5H8V0h2Z\" \/>\n\t\t\t<\/svg>\n\t\t<\/button><\/figure>\n<\/figure>\n\n\n\n<figure class=\"wp-block-gallery has-nested-images columns-default is-cropped wp-block-gallery-3 is-layout-flex wp-block-gallery-is-layout-flex\">\n<figure data-wp-context=\"{&quot;imageId&quot;:&quot;6a09cbbc7a816&quot;}\" data-wp-interactive=\"core\/image\" data-wp-key=\"6a09cbbc7a816\" class=\"wp-block-image size-large wp-lightbox-container\"><img loading=\"lazy\" decoding=\"async\" width=\"2560\" height=\"1810\" data-wp-class--hide=\"state.isContentHidden\" data-wp-class--show=\"state.isContentVisible\" data-wp-init=\"callbacks.setButtonStyles\" data-wp-on--click=\"actions.showLightbox\" data-wp-on--load=\"callbacks.setButtonStyles\" data-wp-on-window--resize=\"callbacks.setButtonStyles\" data-id=\"13747\" src=\"https:\/\/www.muamart.pl\/wp-content\/uploads\/2025\/06\/B13A6030-scaled.jpg\" alt=\"\" class=\"wp-image-13747\" srcset=\"https:\/\/www.muamart.pl\/wp-content\/uploads\/2025\/06\/B13A6030-scaled.jpg 2560w, https:\/\/www.muamart.pl\/wp-content\/uploads\/2025\/06\/B13A6030-1500x1060.jpg 1500w, https:\/\/www.muamart.pl\/wp-content\/uploads\/2025\/06\/B13A6030-768x543.jpg 768w, https:\/\/www.muamart.pl\/wp-content\/uploads\/2025\/06\/B13A6030-1536x1086.jpg 1536w, https:\/\/www.muamart.pl\/wp-content\/uploads\/2025\/06\/B13A6030-2048x1448.jpg 2048w\" sizes=\"auto, (max-width: 2560px) 100vw, 2560px\" \/><button\n\t\t\tclass=\"lightbox-trigger\"\n\t\t\ttype=\"button\"\n\t\t\taria-haspopup=\"dialog\"\n\t\t\taria-label=\"Powi\u0119ksz\"\n\t\t\tdata-wp-init=\"callbacks.initTriggerButton\"\n\t\t\tdata-wp-on--click=\"actions.showLightbox\"\n\t\t\tdata-wp-style--right=\"state.imageButtonRight\"\n\t\t\tdata-wp-style--top=\"state.imageButtonTop\"\n\t\t>\n\t\t\t<svg xmlns=\"http:\/\/www.w3.org\/2000\/svg\" width=\"12\" height=\"12\" fill=\"none\" viewBox=\"0 0 12 12\">\n\t\t\t\t<path fill=\"#fff\" d=\"M2 0a2 2 0 0 0-2 2v2h1.5V2a.5.5 0 0 1 .5-.5h2V0H2Zm2 10.5H2a.5.5 0 0 1-.5-.5V8H0v2a2 2 0 0 0 2 2h2v-1.5ZM8 12v-1.5h2a.5.5 0 0 0 .5-.5V8H12v2a2 2 0 0 1-2 2H8Zm2-12a2 2 0 0 1 2 2v2h-1.5V2a.5.5 0 0 0-.5-.5H8V0h2Z\" \/>\n\t\t\t<\/svg>\n\t\t<\/button><\/figure>\n\n\n\n<figure data-wp-context=\"{&quot;imageId&quot;:&quot;6a09cbbc7a927&quot;}\" data-wp-interactive=\"core\/image\" data-wp-key=\"6a09cbbc7a927\" class=\"wp-block-image size-large wp-lightbox-container\"><img loading=\"lazy\" decoding=\"async\" width=\"2560\" height=\"1767\" data-wp-class--hide=\"state.isContentHidden\" data-wp-class--show=\"state.isContentVisible\" data-wp-init=\"callbacks.setButtonStyles\" data-wp-on--click=\"actions.showLightbox\" data-wp-on--load=\"callbacks.setButtonStyles\" data-wp-on-window--resize=\"callbacks.setButtonStyles\" data-id=\"13748\" src=\"https:\/\/www.muamart.pl\/wp-content\/uploads\/2025\/06\/B13A5962-scaled.jpg\" alt=\"\" class=\"wp-image-13748\" srcset=\"https:\/\/www.muamart.pl\/wp-content\/uploads\/2025\/06\/B13A5962-scaled.jpg 2560w, https:\/\/www.muamart.pl\/wp-content\/uploads\/2025\/06\/B13A5962-1500x1035.jpg 1500w, https:\/\/www.muamart.pl\/wp-content\/uploads\/2025\/06\/B13A5962-768x530.jpg 768w, https:\/\/www.muamart.pl\/wp-content\/uploads\/2025\/06\/B13A5962-1536x1060.jpg 1536w, https:\/\/www.muamart.pl\/wp-content\/uploads\/2025\/06\/B13A5962-2048x1414.jpg 2048w\" sizes=\"auto, (max-width: 2560px) 100vw, 2560px\" \/><button\n\t\t\tclass=\"lightbox-trigger\"\n\t\t\ttype=\"button\"\n\t\t\taria-haspopup=\"dialog\"\n\t\t\taria-label=\"Powi\u0119ksz\"\n\t\t\tdata-wp-init=\"callbacks.initTriggerButton\"\n\t\t\tdata-wp-on--click=\"actions.showLightbox\"\n\t\t\tdata-wp-style--right=\"state.imageButtonRight\"\n\t\t\tdata-wp-style--top=\"state.imageButtonTop\"\n\t\t>\n\t\t\t<svg xmlns=\"http:\/\/www.w3.org\/2000\/svg\" width=\"12\" height=\"12\" fill=\"none\" viewBox=\"0 0 12 12\">\n\t\t\t\t<path fill=\"#fff\" d=\"M2 0a2 2 0 0 0-2 2v2h1.5V2a.5.5 0 0 1 .5-.5h2V0H2Zm2 10.5H2a.5.5 0 0 1-.5-.5V8H0v2a2 2 0 0 0 2 2h2v-1.5ZM8 12v-1.5h2a.5.5 0 0 0 .5-.5V8H12v2a2 2 0 0 1-2 2H8Zm2-12a2 2 0 0 1 2 2v2h-1.5V2a.5.5 0 0 0-.5-.5H8V0h2Z\" \/>\n\t\t\t<\/svg>\n\t\t<\/button><\/figure>\n<\/figure>\n\n\n\n<figure class=\"wp-block-gallery has-nested-images columns-default is-cropped wp-block-gallery-4 is-layout-flex wp-block-gallery-is-layout-flex\">\n<figure data-wp-context=\"{&quot;imageId&quot;:&quot;6a09cbbc7aa94&quot;}\" data-wp-interactive=\"core\/image\" data-wp-key=\"6a09cbbc7aa94\" class=\"wp-block-image size-large wp-lightbox-container\"><img loading=\"lazy\" decoding=\"async\" width=\"2560\" height=\"1711\" data-wp-class--hide=\"state.isContentHidden\" data-wp-class--show=\"state.isContentVisible\" data-wp-init=\"callbacks.setButtonStyles\" data-wp-on--click=\"actions.showLightbox\" data-wp-on--load=\"callbacks.setButtonStyles\" data-wp-on-window--resize=\"callbacks.setButtonStyles\" data-id=\"13750\" src=\"https:\/\/www.muamart.pl\/wp-content\/uploads\/2025\/06\/B13A5940-scaled.jpg\" alt=\"\" class=\"wp-image-13750\" srcset=\"https:\/\/www.muamart.pl\/wp-content\/uploads\/2025\/06\/B13A5940-scaled.jpg 2560w, https:\/\/www.muamart.pl\/wp-content\/uploads\/2025\/06\/B13A5940-1500x1002.jpg 1500w, https:\/\/www.muamart.pl\/wp-content\/uploads\/2025\/06\/B13A5940-768x513.jpg 768w, https:\/\/www.muamart.pl\/wp-content\/uploads\/2025\/06\/B13A5940-1536x1027.jpg 1536w, https:\/\/www.muamart.pl\/wp-content\/uploads\/2025\/06\/B13A5940-2048x1369.jpg 2048w\" sizes=\"auto, (max-width: 2560px) 100vw, 2560px\" \/><button\n\t\t\tclass=\"lightbox-trigger\"\n\t\t\ttype=\"button\"\n\t\t\taria-haspopup=\"dialog\"\n\t\t\taria-label=\"Powi\u0119ksz\"\n\t\t\tdata-wp-init=\"callbacks.initTriggerButton\"\n\t\t\tdata-wp-on--click=\"actions.showLightbox\"\n\t\t\tdata-wp-style--right=\"state.imageButtonRight\"\n\t\t\tdata-wp-style--top=\"state.imageButtonTop\"\n\t\t>\n\t\t\t<svg xmlns=\"http:\/\/www.w3.org\/2000\/svg\" width=\"12\" height=\"12\" fill=\"none\" viewBox=\"0 0 12 12\">\n\t\t\t\t<path fill=\"#fff\" d=\"M2 0a2 2 0 0 0-2 2v2h1.5V2a.5.5 0 0 1 .5-.5h2V0H2Zm2 10.5H2a.5.5 0 0 1-.5-.5V8H0v2a2 2 0 0 0 2 2h2v-1.5ZM8 12v-1.5h2a.5.5 0 0 0 .5-.5V8H12v2a2 2 0 0 1-2 2H8Zm2-12a2 2 0 0 1 2 2v2h-1.5V2a.5.5 0 0 0-.5-.5H8V0h2Z\" \/>\n\t\t\t<\/svg>\n\t\t<\/button><\/figure>\n<\/figure>\n\n\n\n<figure class=\"wp-block-gallery has-nested-images columns-default is-cropped wp-block-gallery-5 is-layout-flex wp-block-gallery-is-layout-flex\">\n<figure data-wp-context=\"{&quot;imageId&quot;:&quot;6a09cbbc7ac14&quot;}\" data-wp-interactive=\"core\/image\" data-wp-key=\"6a09cbbc7ac14\" class=\"wp-block-image size-large wp-lightbox-container\"><img loading=\"lazy\" decoding=\"async\" width=\"2560\" height=\"1721\" data-wp-class--hide=\"state.isContentHidden\" data-wp-class--show=\"state.isContentVisible\" data-wp-init=\"callbacks.setButtonStyles\" data-wp-on--click=\"actions.showLightbox\" data-wp-on--load=\"callbacks.setButtonStyles\" data-wp-on-window--resize=\"callbacks.setButtonStyles\" data-id=\"13752\" src=\"https:\/\/www.muamart.pl\/wp-content\/uploads\/2025\/06\/B13A5955-scaled.jpg\" alt=\"\" class=\"wp-image-13752\" srcset=\"https:\/\/www.muamart.pl\/wp-content\/uploads\/2025\/06\/B13A5955-scaled.jpg 2560w, https:\/\/www.muamart.pl\/wp-content\/uploads\/2025\/06\/B13A5955-1500x1008.jpg 1500w, https:\/\/www.muamart.pl\/wp-content\/uploads\/2025\/06\/B13A5955-768x516.jpg 768w, https:\/\/www.muamart.pl\/wp-content\/uploads\/2025\/06\/B13A5955-1536x1033.jpg 1536w, https:\/\/www.muamart.pl\/wp-content\/uploads\/2025\/06\/B13A5955-2048x1377.jpg 2048w\" sizes=\"auto, (max-width: 2560px) 100vw, 2560px\" \/><button\n\t\t\tclass=\"lightbox-trigger\"\n\t\t\ttype=\"button\"\n\t\t\taria-haspopup=\"dialog\"\n\t\t\taria-label=\"Powi\u0119ksz\"\n\t\t\tdata-wp-init=\"callbacks.initTriggerButton\"\n\t\t\tdata-wp-on--click=\"actions.showLightbox\"\n\t\t\tdata-wp-style--right=\"state.imageButtonRight\"\n\t\t\tdata-wp-style--top=\"state.imageButtonTop\"\n\t\t>\n\t\t\t<svg xmlns=\"http:\/\/www.w3.org\/2000\/svg\" width=\"12\" height=\"12\" fill=\"none\" viewBox=\"0 0 12 12\">\n\t\t\t\t<path fill=\"#fff\" d=\"M2 0a2 2 0 0 0-2 2v2h1.5V2a.5.5 0 0 1 .5-.5h2V0H2Zm2 10.5H2a.5.5 0 0 1-.5-.5V8H0v2a2 2 0 0 0 2 2h2v-1.5ZM8 12v-1.5h2a.5.5 0 0 0 .5-.5V8H12v2a2 2 0 0 1-2 2H8Zm2-12a2 2 0 0 1 2 2v2h-1.5V2a.5.5 0 0 0-.5-.5H8V0h2Z\" \/>\n\t\t\t<\/svg>\n\t\t<\/button><\/figure>\n\n\n\n<figure data-wp-context=\"{&quot;imageId&quot;:&quot;6a09cbbc7ad24&quot;}\" data-wp-interactive=\"core\/image\" data-wp-key=\"6a09cbbc7ad24\" class=\"wp-block-image size-large wp-lightbox-container\"><img loading=\"lazy\" decoding=\"async\" width=\"2560\" height=\"1714\" data-wp-class--hide=\"state.isContentHidden\" data-wp-class--show=\"state.isContentVisible\" data-wp-init=\"callbacks.setButtonStyles\" data-wp-on--click=\"actions.showLightbox\" data-wp-on--load=\"callbacks.setButtonStyles\" data-wp-on-window--resize=\"callbacks.setButtonStyles\" data-id=\"13751\" src=\"https:\/\/www.muamart.pl\/wp-content\/uploads\/2025\/06\/B13A5983-scaled.jpg\" alt=\"\" class=\"wp-image-13751\" srcset=\"https:\/\/www.muamart.pl\/wp-content\/uploads\/2025\/06\/B13A5983-scaled.jpg 2560w, https:\/\/www.muamart.pl\/wp-content\/uploads\/2025\/06\/B13A5983-1500x1005.jpg 1500w, https:\/\/www.muamart.pl\/wp-content\/uploads\/2025\/06\/B13A5983-768x514.jpg 768w, https:\/\/www.muamart.pl\/wp-content\/uploads\/2025\/06\/B13A5983-1536x1029.jpg 1536w, https:\/\/www.muamart.pl\/wp-content\/uploads\/2025\/06\/B13A5983-2048x1371.jpg 2048w\" sizes=\"auto, (max-width: 2560px) 100vw, 2560px\" \/><button\n\t\t\tclass=\"lightbox-trigger\"\n\t\t\ttype=\"button\"\n\t\t\taria-haspopup=\"dialog\"\n\t\t\taria-label=\"Powi\u0119ksz\"\n\t\t\tdata-wp-init=\"callbacks.initTriggerButton\"\n\t\t\tdata-wp-on--click=\"actions.showLightbox\"\n\t\t\tdata-wp-style--right=\"state.imageButtonRight\"\n\t\t\tdata-wp-style--top=\"state.imageButtonTop\"\n\t\t>\n\t\t\t<svg xmlns=\"http:\/\/www.w3.org\/2000\/svg\" width=\"12\" height=\"12\" fill=\"none\" viewBox=\"0 0 12 12\">\n\t\t\t\t<path fill=\"#fff\" d=\"M2 0a2 2 0 0 0-2 2v2h1.5V2a.5.5 0 0 1 .5-.5h2V0H2Zm2 10.5H2a.5.5 0 0 1-.5-.5V8H0v2a2 2 0 0 0 2 2h2v-1.5ZM8 12v-1.5h2a.5.5 0 0 0 .5-.5V8H12v2a2 2 0 0 1-2 2H8Zm2-12a2 2 0 0 1 2 2v2h-1.5V2a.5.5 0 0 0-.5-.5H8V0h2Z\" \/>\n\t\t\t<\/svg>\n\t\t<\/button><\/figure>\n<\/figure>\n\n\n\n<figure class=\"wp-block-gallery has-nested-images columns-default is-cropped wp-block-gallery-6 is-layout-flex wp-block-gallery-is-layout-flex\"><\/figure>\n\n\n\n<figure class=\"wp-block-gallery has-nested-images columns-default is-cropped wp-block-gallery-7 is-layout-flex wp-block-gallery-is-layout-flex\">\n<figure data-wp-context=\"{&quot;imageId&quot;:&quot;6a09cbbc7aeda&quot;}\" data-wp-interactive=\"core\/image\" data-wp-key=\"6a09cbbc7aeda\" class=\"wp-block-image size-large wp-lightbox-container\"><img loading=\"lazy\" decoding=\"async\" width=\"2560\" height=\"1716\" data-wp-class--hide=\"state.isContentHidden\" data-wp-class--show=\"state.isContentVisible\" data-wp-init=\"callbacks.setButtonStyles\" data-wp-on--click=\"actions.showLightbox\" data-wp-on--load=\"callbacks.setButtonStyles\" data-wp-on-window--resize=\"callbacks.setButtonStyles\" data-id=\"13753\" src=\"https:\/\/www.muamart.pl\/wp-content\/uploads\/2025\/06\/B13A5942-scaled.jpg\" alt=\"\" class=\"wp-image-13753\" srcset=\"https:\/\/www.muamart.pl\/wp-content\/uploads\/2025\/06\/B13A5942-scaled.jpg 2560w, https:\/\/www.muamart.pl\/wp-content\/uploads\/2025\/06\/B13A5942-1500x1005.jpg 1500w, https:\/\/www.muamart.pl\/wp-content\/uploads\/2025\/06\/B13A5942-768x515.jpg 768w, https:\/\/www.muamart.pl\/wp-content\/uploads\/2025\/06\/B13A5942-1536x1029.jpg 1536w, https:\/\/www.muamart.pl\/wp-content\/uploads\/2025\/06\/B13A5942-2048x1373.jpg 2048w\" sizes=\"auto, (max-width: 2560px) 100vw, 2560px\" \/><button\n\t\t\tclass=\"lightbox-trigger\"\n\t\t\ttype=\"button\"\n\t\t\taria-haspopup=\"dialog\"\n\t\t\taria-label=\"Powi\u0119ksz\"\n\t\t\tdata-wp-init=\"callbacks.initTriggerButton\"\n\t\t\tdata-wp-on--click=\"actions.showLightbox\"\n\t\t\tdata-wp-style--right=\"state.imageButtonRight\"\n\t\t\tdata-wp-style--top=\"state.imageButtonTop\"\n\t\t>\n\t\t\t<svg xmlns=\"http:\/\/www.w3.org\/2000\/svg\" width=\"12\" height=\"12\" fill=\"none\" viewBox=\"0 0 12 12\">\n\t\t\t\t<path fill=\"#fff\" d=\"M2 0a2 2 0 0 0-2 2v2h1.5V2a.5.5 0 0 1 .5-.5h2V0H2Zm2 10.5H2a.5.5 0 0 1-.5-.5V8H0v2a2 2 0 0 0 2 2h2v-1.5ZM8 12v-1.5h2a.5.5 0 0 0 .5-.5V8H12v2a2 2 0 0 1-2 2H8Zm2-12a2 2 0 0 1 2 2v2h-1.5V2a.5.5 0 0 0-.5-.5H8V0h2Z\" \/>\n\t\t\t<\/svg>\n\t\t<\/button><\/figure>\n\n\n\n<figure data-wp-context=\"{&quot;imageId&quot;:&quot;6a09cbbc7aff1&quot;}\" data-wp-interactive=\"core\/image\" data-wp-key=\"6a09cbbc7aff1\" class=\"wp-block-image size-large wp-lightbox-container\"><img loading=\"lazy\" decoding=\"async\" width=\"2560\" height=\"1783\" data-wp-class--hide=\"state.isContentHidden\" data-wp-class--show=\"state.isContentVisible\" data-wp-init=\"callbacks.setButtonStyles\" data-wp-on--click=\"actions.showLightbox\" data-wp-on--load=\"callbacks.setButtonStyles\" data-wp-on-window--resize=\"callbacks.setButtonStyles\" data-id=\"13754\" src=\"https:\/\/www.muamart.pl\/wp-content\/uploads\/2025\/06\/B13A5903-scaled.jpg\" alt=\"\" class=\"wp-image-13754\" srcset=\"https:\/\/www.muamart.pl\/wp-content\/uploads\/2025\/06\/B13A5903-scaled.jpg 2560w, https:\/\/www.muamart.pl\/wp-content\/uploads\/2025\/06\/B13A5903-1500x1045.jpg 1500w, https:\/\/www.muamart.pl\/wp-content\/uploads\/2025\/06\/B13A5903-768x535.jpg 768w, https:\/\/www.muamart.pl\/wp-content\/uploads\/2025\/06\/B13A5903-1536x1070.jpg 1536w, https:\/\/www.muamart.pl\/wp-content\/uploads\/2025\/06\/B13A5903-2048x1426.jpg 2048w\" sizes=\"auto, (max-width: 2560px) 100vw, 2560px\" \/><button\n\t\t\tclass=\"lightbox-trigger\"\n\t\t\ttype=\"button\"\n\t\t\taria-haspopup=\"dialog\"\n\t\t\taria-label=\"Powi\u0119ksz\"\n\t\t\tdata-wp-init=\"callbacks.initTriggerButton\"\n\t\t\tdata-wp-on--click=\"actions.showLightbox\"\n\t\t\tdata-wp-style--right=\"state.imageButtonRight\"\n\t\t\tdata-wp-style--top=\"state.imageButtonTop\"\n\t\t>\n\t\t\t<svg xmlns=\"http:\/\/www.w3.org\/2000\/svg\" width=\"12\" height=\"12\" fill=\"none\" viewBox=\"0 0 12 12\">\n\t\t\t\t<path fill=\"#fff\" d=\"M2 0a2 2 0 0 0-2 2v2h1.5V2a.5.5 0 0 1 .5-.5h2V0H2Zm2 10.5H2a.5.5 0 0 1-.5-.5V8H0v2a2 2 0 0 0 2 2h2v-1.5ZM8 12v-1.5h2a.5.5 0 0 0 .5-.5V8H12v2a2 2 0 0 1-2 2H8Zm2-12a2 2 0 0 1 2 2v2h-1.5V2a.5.5 0 0 0-.5-.5H8V0h2Z\" \/>\n\t\t\t<\/svg>\n\t\t<\/button><\/figure>\n<\/figure>\n\n\n\n<figure class=\"wp-block-gallery has-nested-images columns-default is-cropped wp-block-gallery-8 is-layout-flex wp-block-gallery-is-layout-flex\">\n<figure data-wp-context=\"{&quot;imageId&quot;:&quot;6a09cbbc7b175&quot;}\" data-wp-interactive=\"core\/image\" data-wp-key=\"6a09cbbc7b175\" class=\"wp-block-image size-large wp-lightbox-container\"><img loading=\"lazy\" decoding=\"async\" width=\"2560\" height=\"1655\" data-wp-class--hide=\"state.isContentHidden\" data-wp-class--show=\"state.isContentVisible\" data-wp-init=\"callbacks.setButtonStyles\" data-wp-on--click=\"actions.showLightbox\" data-wp-on--load=\"callbacks.setButtonStyles\" data-wp-on-window--resize=\"callbacks.setButtonStyles\" data-id=\"13755\" src=\"https:\/\/www.muamart.pl\/wp-content\/uploads\/2025\/06\/B13A5911-scaled.jpg\" alt=\"\" class=\"wp-image-13755\" srcset=\"https:\/\/www.muamart.pl\/wp-content\/uploads\/2025\/06\/B13A5911-scaled.jpg 2560w, https:\/\/www.muamart.pl\/wp-content\/uploads\/2025\/06\/B13A5911-1500x970.jpg 1500w, https:\/\/www.muamart.pl\/wp-content\/uploads\/2025\/06\/B13A5911-768x497.jpg 768w, https:\/\/www.muamart.pl\/wp-content\/uploads\/2025\/06\/B13A5911-1536x993.jpg 1536w, https:\/\/www.muamart.pl\/wp-content\/uploads\/2025\/06\/B13A5911-2048x1324.jpg 2048w\" sizes=\"auto, (max-width: 2560px) 100vw, 2560px\" \/><button\n\t\t\tclass=\"lightbox-trigger\"\n\t\t\ttype=\"button\"\n\t\t\taria-haspopup=\"dialog\"\n\t\t\taria-label=\"Powi\u0119ksz\"\n\t\t\tdata-wp-init=\"callbacks.initTriggerButton\"\n\t\t\tdata-wp-on--click=\"actions.showLightbox\"\n\t\t\tdata-wp-style--right=\"state.imageButtonRight\"\n\t\t\tdata-wp-style--top=\"state.imageButtonTop\"\n\t\t>\n\t\t\t<svg xmlns=\"http:\/\/www.w3.org\/2000\/svg\" width=\"12\" height=\"12\" fill=\"none\" viewBox=\"0 0 12 12\">\n\t\t\t\t<path fill=\"#fff\" d=\"M2 0a2 2 0 0 0-2 2v2h1.5V2a.5.5 0 0 1 .5-.5h2V0H2Zm2 10.5H2a.5.5 0 0 1-.5-.5V8H0v2a2 2 0 0 0 2 2h2v-1.5ZM8 12v-1.5h2a.5.5 0 0 0 .5-.5V8H12v2a2 2 0 0 1-2 2H8Zm2-12a2 2 0 0 1 2 2v2h-1.5V2a.5.5 0 0 0-.5-.5H8V0h2Z\" \/>\n\t\t\t<\/svg>\n\t\t<\/button><\/figure>\n<\/figure>\n","protected":false},"excerpt":{"rendered":"<p>Summer Dying Loud 2022, Aleksandr\u00f3w \u0141\u00f3dzki<\/p>\n","protected":false},"author":2,"featured_media":0,"parent":0,"menu_order":0,"comment_status":"closed","ping_status":"closed","template":"","meta":{"footnotes":""},"class_list":["post-13743","page","type-page","status-publish","hentry"],"_links":{"self":[{"href":"https:\/\/www.muamart.pl\/index.php\/wp-json\/wp\/v2\/pages\/13743","targetHints":{"allow":["GET"]}}],"collection":[{"href":"https:\/\/www.muamart.pl\/index.php\/wp-json\/wp\/v2\/pages"}],"about":[{"href":"https:\/\/www.muamart.pl\/index.php\/wp-json\/wp\/v2\/types\/page"}],"author":[{"embeddable":true,"href":"https:\/\/www.muamart.pl\/index.php\/wp-json\/wp\/v2\/users\/2"}],"replies":[{"embeddable":true,"href":"https:\/\/www.muamart.pl\/index.php\/wp-json\/wp\/v2\/comments?post=13743"}],"version-history":[{"count":1,"href":"https:\/\/www.muamart.pl\/index.php\/wp-json\/wp\/v2\/pages\/13743\/revisions"}],"predecessor-version":[{"id":13756,"href":"https:\/\/www.muamart.pl\/index.php\/wp-json\/wp\/v2\/pages\/13743\/revisions\/13756"}],"wp:attachment":[{"href":"https:\/\/www.muamart.pl\/index.php\/wp-json\/wp\/v2\/media?parent=13743"}],"curies":[{"name":"wp","href":"https:\/\/api.w.org\/{rel}","templated":true}]}}